s -11101001101101111101 (base 2) in base 6?
-32303553
Convert 4051004 (base 9) to base 4.
20033023012
What is -22220120100 (base 3) in base 5?
-21102444
47736 (base 11) to base 5
4200032
Convert 422020434 (base 5) to base 3.
10021222102112
331443323 (base 5) to base 10
1437338
-2144773 (base 9) to base 16
-1192ec
Convert 669ca (base 14) to base 9.
418377
What is -5d545 (base 14) in base 9?
-377754
What is 1254aa0 (base 12) in base 4?
31231320120
What is -d171 (base 15) in base 7?
-242611
Convert 652613 (base 11) to base 13.
2a6911
Convert 436d83 (base 15) to base 2.
1100010000010110000001
What is c4a0 (base 15) in base 14?
111dc
Convert -4c641e (base 16) to base 2.
-10011000110010000011110
Convert -53332 (base 9) to base 15.
-a6ae
What is -140442420 (base 5) in base 16?
-af695
What is 11512205 (base 6) in base 9?
618725
Convert 42290 (base 14) to base 13.
578a4
-222556 (base 9) to base 8
-404016
1001000101010101111 (base 2) to base 9
503258
-43647 (base 10) to base 3
-2012212120
Convert 1301332323 (base 4) to base 3.
212201102200
Convert 23240143 (base 5) to base 3.
101202201000
What is 132243450 (base 6) in base 8?
12031066
What is -3670ca (base 14) in base 16?
-1c6eba
What is 6307663 (base 10) in base 7?
104420455
What is -831c4 (base 15) in base 13?
-1171a2
-10101001110110110000010 (base 2) to base 3
-101110202212201
What is -100554335 (base 6) in base 15?
-2415eb
What is -22203240 (base 5) in base 7?
-1436111
-33bdba (base 16) to base 13
-91956c
1434104404 (base 5) to base 4
32203230211
Convert 6414597 (base 10) to base 4.
120132010011
7a4094 (base 11) to base 4
10320103122
Convert 307166 (base 12) to base 14.
15a770
What is 54192 (base 10) in base 2?
1101001110110000
What is -111100101001000111101 (base 2) in base 7?
-22614251
What is -33213200202 (base 4) in base 11?
-2346966
What is 2d202 (base 14) in base 13?
3c506
2d3805 (base 14) to base 3
2222112000120
-22331032 (base 5) to base 13
-6c6b5
44403030 (base 5) to base 12
168582
Convert 10000000110010001010001 (base 2) to base 10.
4219985
What is -13658170 (base 10) in base 3?
-221200220111011
-1112002121011 (base 3) to base 2
-11000101011111000001
What is -11443233 (base 5) in base 14?
-2bb17
56363 (base 7) to base 3
201112222
What is -16ba6 (base 15) in base 14?
-1cb06
What is -a9218 (base 13) in base 15?
-608cc
Convert 101100100101001100111 (base 2) to base 15.
1dcc94
What is -32558 (base 16) in base 2?
-110010010101011000
What is -4152262 (base 9) in base 14?
-41aad0
8211 (base 12) to base 2
11011100101101
-70157 (base 14) to base 8
-1015601
Convert -6143302 (base 8) to base 10.
-1623746
-121c71 (base 14) to base 6
-21141403
Convert 111001121201 (base 3) to base 7.
2120305
What is 144123311 (base 6) in base 5?
1231401430
Convert 1da0 (base 15) to base 7.
24543
-1cc87c8 (base 13) to base 2
-100100110010011111001100
Convert 445331010 (base 6) to base 13.
18a7484
What is -1301266 (base 7) in base 14?
-455dd
What is 491946 (base 11) in base 9?
1415736
What is -39222 (base 11) in base 3?
-2212001022
What is 730261 (base 8) in base 3?
110021202002
1255030 (base 6) to base 11
48482
-192250 (base 15) to base 8
-4523203
Convert 1401039 (base 10) to base 13.
3a0923
200452250 (base 7) to base 6
1052500222
What is 331264 (base 9) in base 2?
110000010010010011
Convert 1395178 (base 13) to base 7.
103530004
2222233121 (base 4) to base 6
22553425
10113111120 (base 4) to base 6
40305000
What is 89fb5 (base 16) in base 11?
356694
What is 4595b (base 12) in base 3?
11201111122
What is -204041122 (base 5) in base 14?
-180660
Convert -3a196 (base 12) to base 14.
-210c2
Convert 10202010002 (base 3) to base 13.
27722
-1403343 (base 6) to base 8
-231317
Convert 2320504 (base 7) to base 14.
77d74
-2102013323 (base 4) to base 12
-24a44b
What is -362879 (base 10) in base 15?
-727be
210113101 (base 4) to base 15
2e1ea
Convert 13444215 (base 6) to base 12.
1a066b
6094ab (base 12) to base 8
5603603
Convert 102103110 (base 5) to base 6.
13041245
4b6b44 (base 13) to base 9
3364844
-1480b0e (base 15) to base 16
-e25f9e
-220422414 (base 5) to base 10
-951609
What is -942160 (base 13) in base 8?
-15146652
Convert -1d1a8 (base 14) to base 11.
-50a16
Convert -6401857 (base 11) to base 16.
-ac0e9b
-101172 (base 11) to base 15
-3328c
Convert -6432668 (base 9) to base 11.
-1a44480
10202186 (base 9) to base 15
66c9a9
13103332 (base 4) to base 8
72376
-43038 (base 13) to base 10
-120882
What is 14220431 (base 5) in base 2?
100100001100010001
10101001100000111010 (base 2) to base 9
1267387
Convert 14302121 (base 6) to base 2.
1110111101110000001
Convert 25242123 (base 8) to base 5.
2412304201
What is 553122 (base 7) in base 6?
2025410
What is -330032101 (base 5) in base 15?
-1cc486
-40154322 (base 6) to base 9
-2118815
178a05 (base 13) to base 14
11529d
What is -4c735c (base 14) in base 15?
-36ed7b
What is -211d47 (base 14) in base 10?
-1119419
-476823 (base 11) to base 4
-2320133112
Convert 276479 (base 10) to base 6.
5531555
What is -1030114114 (base 5) in base 6?
-114551052
Convert -1583536 (base 10) to base 6.
-53535104
3520502 (base 8) to base 16
ea142
What is -4766a (base 16) in base 13?
-a316a
What is 45140521 (base 6) in base 14?
277c41
What is 1000110010100010111 (base 2) in base 4?
1012110113
What is -2626240 (base 7) in base 9?
-572611
-1467254 (base 8) to base 5
-101442143
What is -2310075 (base 8) in base 11?
-398982
4630a (base 13) to base 7
1042004
Convert -535242 (base 6) to base 16.
-abaa
Convert 72189 (base 10) to base 8.
214775
Convert 493163 (base 10) to base 7.
4122536
Convert 43336254 (base 7) to base 15.
4d3543
85be (base 16) to base 11
237a6
What is -21a7c0 (base 15) in base 5?
-402324010
What is 1100000111000000010011 (base 2) in base 6?
152012215
376b38 (base 14) to base 11
1089321
Convert 335616 (base 10) to base 9.
561336
What is 404117 (base 9) in base 2?
111010011001101001
100011011001010100 (base 2) to base 16
23654
Convert 58429 (base 11) to base 12.
409a8
Convert 88112 (base 10) to base 15.
1b192
Convert -365316 (base 7) to base 13.
-2448c
11101100100000000 (base 2) to base 6
2332332
Convert -28444 (base 15) to base 6.
-2434114
What is 10121110211211 (base 3) in base 5?
442343430
What is 353979 (base 12) in base 15?
11dcb9
What is 3333220103 (base 4) in base 6?
34235255
What is 95c0 (base 14) in base 10?
25844
What is 2a682a (base 15) in base 13?
5689c6
What is -3394640 (base 10) in base 3?
-20101110120102
133142121 (base 5) to base 13
1a9675
What is 57c4 (base 16) in base 2?
101011111000100
57ec7 (base 15) to base 4
1010120113
What is -26510515 (base 7) in base 12?
-997a21
-21a904 (base 12) to base 14
-dd99a
Convert -3552525 (base 6) to base 10.
-185957
21316 (base 9) to base 12
81b9
132126252 (base 7) to base 2
100000011001110111000010
1013416 (base 7) to base 5
12340123
What is -221211303300 (base 4) in base 5?
-10242342033
Convert 324533000 (base 6) to base 16.
58f098
Convert 2b067 (base 15) to base 14.
3866c
What is -424342 (base 5) in base 6?
-150231
-a2599 (base 15) to base 8
-1754335
What is -101101001211 (base 3) in base 13?
-71c14
What is 63370 (base 8) in base 4?
12123320
What is 4a551 (base 11) in base 5?
4310120
166056161 (base 7) to base 8
53454474
Convert -1011000100110001100110 (base 2) to base 10.
-2903142
Convert -11123200221 (base 4) to base 11.
-892471
2bc90c (base 16) to base 2
1010111100100100001100
What is b41e4 (base 15) in base 3?
1002000000021
What is 3340515 (base 6) in base 15?
34e9b
What is 40141303 (base 5) in base 6?
10453424
What is 6badbc (base 14) in base 16?
3825ba
What is -1657140 (base 8) in base 2?
-1110101111001100000
Convert -103031212 (base 4) to base 10.
-78694
Convert 5155244 (base 6) to base 16.
3cb8c
Convert 2044342 (base 7) to base 12.
ba757
Convert -974b98 (base 13) to base 7.
-42123444
3147869 (base 11) to base 5
2404412113
Convert 2001213101 (base 4) to base 3.
222222020212
Convert -3449a39 (base 11) to base 15.
-7e1d07
100543743 (base 8) to base 3
1011220122000010
Convert -39447 (base 15) to base 5.
-21330332
What is 3b59a4 (base 14) in base 5?
1011123201
What is -102231231 (base 5) in base 2?
-1101001000001101111
Convert 116ad (base 15) to base 8.
154331
What is 203341 (base 7) in base 5?
2103234
What is -2354333 (base 7) in base 16?
-49